 15705569003 composite?
False
Is 15409322987 composite?
False
Is 2449861009 a prime number?
True
Is 1765178027 a prime number?
True
Is 477762433 a prime number?
True
Is 1742009153 a composite number?
True
Is 7441509073 a composite number?
False
Is 1993598687 prime?
False
Is 26318375383 a composite number?
False
Is 19473164663 a prime number?
True
Is 3371687821 prime?
False
Is 398447351 composite?
True
Is 644920349 composite?
False
Is 19483253963 a composite number?
True
Is 1860655651 a prime number?
True
Is 524230781 prime?
False
Is 460471603 composite?
True
Is 16014144821 composite?
False
Is 480659503 composite?
False
Is 212985806881 prime?
False
Is 4865679367 a composite number?
False
Is 3754310711 a prime number?
True
Is 1073620043 a prime number?
True
Is 13002293489 a prime number?
True
Is 79400830415 composite?
True
Is 260457203 a composite number?
True
Is 9704409157 a composite number?
True
Is 967558789 composite?
False
Is 1869969319 a prime number?
True
Is 96445750333 composite?
True
Is 2849071681 composite?
True
Is 6869806597 a prime number?
True
Is 4038946999 prime?
True
Is 1804226761 a prime number?
False
Is 393317699 a prime number?
False
Is 2474659897 prime?
False
Is 89425594459 a prime number?
True
Is 19260670181 prime?
False
Is 86172774091 composite?
True
Is 10678548599 a prime number?
True
Is 542998543 composite?
True
Is 747885269 prime?
True
Is 626104813 prime?
False
Is 51677277 composite?
True
Is 12094078877 composite?
False
Is 99932933981 a prime number?
True
Is 3969244451 composite?
False
Is 961645441 a composite number?
False
Is 65190554491 a composite number?
True
Is 12007794413 composite?
False
Is 1417637563 a composite number?
True
Is 16857459299 prime?
False
Is 3088808417 composite?
True
Is 17784063697 composite?
True
Is 27631088266 a prime number?
False
Is 9092541841 prime?
True
Is 23768333899 a prime number?
False
Is 283605331 prime?
False
Is 17295823859 a composite number?
True
Is 142436191 a prime number?
False
Is 4652078527 composite?
False
Is 2657048023 prime?
False
Is 1644995743 composite?
True
Is 1327269743 composite?
True
Is 977611777 a composite number?
False
Is 5303593963 composite?
False
Is 564077203 a composite number?
False
Is 20854251749 composite?
False
Is 4811783777 a prime number?
True
Is 35451048793 a composite number?
False
Is 82741862615 prime?
False
Is 4005197653 a composite number?
True
Is 49152619001 a composite number?
True
Is 93678639697 prime?
True
Is 4462127997 a composite number?
True
Is 2434342151 prime?
False
Is 72515350499 composite?
False
Is 4530335767 prime?
True
Is 6939690781 a prime number?
True
Is 20157555091 a composite number?
True
Is 1506729827 a prime number?
True
Is 3979621429 a prime number?
False
Is 10891006501 composite?
True
Is 27087312689 a prime number?
True
Is 16831275607 composite?
True
Is 92982028571 composite?
True
Is 5789428919 a prime number?
True
Is 193305919 prime?
False
Is 597775363 composite?
False
Is 12718797541 prime?
True
Is 341621818 a composite number?
True
Is 459202223 a composite number?
True
Is 4081377827 a prime number?
True
Is 1614329023 a composite number?
False
Is 6530332453 a prime number?
True
Is 39255584257 a composite number?
False
Is 94852125737 composite?
True
Is 917009693 a composite number?
True
Is 2728470541 composite?
True
Is 1692929791 a composite number?
True
Is 322932497 prime?
False
Is 138056824073 a prime number?
False
Is 324030821 prime?
False
Is 40104407287 a composite number?
True
Is 25315522811 composite?
True
Is 31378407233 a prime number?
True
Is 748445441 a prime number?
False
Is 2985941291 a prime number?
True
Is 849042382 a composite number?
True
Is 127370359 a prime number?
True
Is 17152750949 composite?
True
Is 421253473 a composite number?
True
Is 5341691041 a composite number?
False
Is 339004118269 a composite number?
False
Is 15588838063 a composite number?
False
Is 230036791 a composite number?
True
Is 657277079 a composite number?
False
Is 136101906839 a prime number?
True
Is 14803155403 a prime number?
True
Is 2596032233 composite?
False
Is 309646907 a composite number?
True
Is 160582922551 prime?
True
Is 2033060897 a prime number?
False
Is 8865778837 a prime number?
True
Is 3122818231 a prime number?
False
Is 716586119 prime?
True
Is 9575680357 a prime number?
False
Is 9670740317 prime?
False
Is 22313271989 prime?
True
Is 75305333 composite?
False
Is 40339484033 a composite number?
False
Is 3621531787 a composite number?
False
Is 8295611777 a composite number?
False
Is 66211421 composite?
False
Is 5536604441 prime?
True
Is 2743237649 a composite number?
True
Is 826404199 prime?
False
Is 6030014533 a composite number?
False
Is 1254889934 a prime number?
False
Is 615633923 a composite number?
False
Is 3017482367 a prime number?
False
Is 210614647 a prime number?
True
Is 3915355361 a composite number?
False
Is 135004818857 composite?
False
Is 1629759182 composite?
True
Is 73054320401 a prime number?
False
Is 58888794913 composite?
True
Is 5242184977 a prime number?
False
Is 184360357 prime?
False
Is 527599151 composite?
True
Is 1302051461 prime?
False
Is 182265529 a prime number?
True
Is 1463548363 prime?
True
Is 463688723 prime?
True
Is 3301600487 a composite number?
True
Is 1647487441 a prime number?
True
Is 1114658527 a composite number?
False
Is 654558623 a composite number?
True
Is 758294489 a prime number?
True
Is 212202560759 composite?
True
Is 27146572539 composite?
True
Is 968419 prime?
True
Is 281506229 prime?
True
Is 941348587 a prime number?
False
Is 2661333749 composite?
True
Is 71059123 composite?
False
Is 1947829769 a prime number?
True
Is 18497601641 composite?
True
Is 6318370757 a composite number?
False
Is 268159361 composite?
False
Is 1162638767 a prime number?
True
Is 3098585311 prime?
True
Is 148440727 a composite number?
False
Is 152178810913 a prime number?
False
Is 218674220299 prime?
False
Is 294119779 composite?
True
Is 9023810753 a composite number?
False
Is 5932637057 a prime number?
False
Is 4371860989 prime?
True
Is 4971543641 prime?
False
Is 29870674513 a prime number?
False
Is 11488655426 prime?
False
Is 22885204393 composite?
False
Is 663667957 prime?
True
Is 16919381 a composite number?
False
Is 5747583103 composite?
False
Is 4823638994 prime?
False
Is 1801574867 composite?
False
Is 17761575701 a composite number?
False
Is 5665535303 prime?
True
Is 8111131747 a composite number?
False
Is 9875364197 prime?
True
Is 127060813 a composite number?
True
Is 952084309 a composite number?
True
Is 362006772197 a composite number?
True
Is 67788533 a composite number?
True
Is 143221886317 composite?
True
Is 9497942849 a prime number?
False
Is 114485641 composite?
False
Is 74901313567 a prime number?
False
Is 18191299573 a composite number?
False
Is 12329217863 a prime number?
True
Is 27562664357 a prime number?
True
Is 4741365367 a composite number?
True
Is 6283435673 a composite number?
True
Is 10481334307 composite?
True
Is 5065284337 a composite number?
False
Is 177624816917 a composite number?
False
Is 184019685335 composite?
True
Is 237847973 a composite number?
True
Is 22019090953 prime?
False
Is 23463969259 composite?
False
Is 698108447 a prime number?
True
Is 3804014477 prime?
False
Is 852996191 composite?
True
Is 459798811 prime?
False
Is 553043399 composite?
False
Is 2210568991 a prime number?
False
Is 454491733 a prime number?
True
Is 880198679 composite?
False
Is 100008969 a prime number?
False
Is 4726652383 a composite number?
False
Is 908571605 prime?
False
Is 799388369 prime?
False
Is 88946389 a composite number?
True
Is 7964262619 prime?
False
Is 6840610859 a prime number?
True
Is 505163489 composite?
False
Is 514405555 composite?
True
Is 214276866373 a prime number?
True
Is 17909297443 composite?
False
Is 30703736257 a composite number?
True
Is 178929419 a prime number?
True
Is 2306079779 prime?
True
Is 3630262279 a composite number?
True
Is 5366726257 composite?
False
Is 964354871 prime?
True
Is 8162629811 a prime number?
False
Is 788933069 composite?
True
Is 1044114199 composite?
False
Is 53934009911 a prime number?
False
Is 52374516167 a prime number?
False
Is 47783642311 a prime number?
True
Is 2057329821 prime?
False
Is 21564860809 prime?
True
Is 1762922726 a prime number?
